{"id":5296,"date":"2022-07-08T10:56:33","date_gmt":"2022-07-08T08:56:33","guid":{"rendered":"https:\/\/www.camminodonbosco.eu\/cambiano\/"},"modified":"2024-01-04T18:10:17","modified_gmt":"2024-01-04T17:10:17","slug":"cambiano","status":"publish","type":"page","link":"https:\/\/www.camminodonbosco.eu\/es\/cambiano\/","title":{"rendered":"Cambiano"},"content":{"rendered":"\n<p><strong>Cambiano<\/strong> cuenta con m\u00e1s de 5.900 habitantes y est\u00e1 a 21 km de Tur\u00edn. Con ra\u00edces antiguas, el descubrimiento de rastros de un antiguo edificio romano y algunas monedas de bronce sugiere que la zona estuvo habitada desde el siglo III d.C. En la Edad Media, su historia se entrelaza con la de Chieri, con la sumisi\u00f3n a los Saboya-Acaja en 1347. En el siglo XIV se construy\u00f3 el <strong>Ricetto<\/strong>, una fortificaci\u00f3n medieval a la que se acced\u00eda a trav\u00e9s de dos puertas, una de las cuales todav\u00eda es visible. Los Saboya extendieron su dominio en el \u00e1rea entre 1500 y 1600, y hubo numerosas destrucciones a lo largo de los siglos, agravadas por la plaga de 1630. Ocupada por los franceses despu\u00e9s de 1640, se anex\u00f3 al Imperio Napole\u00f3nico y regres\u00f3 a los Saboya en 1815. Adem\u00e1s de ser golpeado por la plaga en 1630, el territorio de Cambiano fue escenario de enfrentamientos sangrientos en esos a\u00f1os. Las guerras de sucesi\u00f3n se sucedieron y durante el per\u00edodo de la Guerra de los Treinta A\u00f1os, despu\u00e9s de la batalla cerca de <em>La Rotta<\/em> de Moncalieri-Villastellone, las tropas francesas saquearon todos los pueblos cercanos y acamparon en Cambiano. Durante el per\u00edodo que sigui\u00f3, el territorio de Cambiano cambi\u00f3 de manos varias veces: marqueses, condesas y caballeros se sucedieron, para volver a ser franc\u00e9s durante el Imperio Napole\u00f3nico. Con la fundaci\u00f3n del Reino de Italia, Cambiano entr\u00f3 en una fase de desarrollo, con un crecimiento constante de la poblaci\u00f3n, gracias a la llegada de muchos trabajadores atra\u00eddos por las oportunidades de empleo en la <strong>industria textil<\/strong> y las <strong>fundiciones<\/strong>.<\/p>\n\n<div style=\"height:30px\" aria-hidden=\"true\" class=\"wp-block-spacer\"><\/div>\n\n<h2 class=\"wp-block-heading\">Lugares de inter\u00e9s:<\/h2>\n\n<p> La <strong>Parroquia<\/strong> de los Santos Vincenzo e Anastasio, reconstruida en el siglo XVII, con la fachada modificada en 1740 seg\u00fan el dise\u00f1o de Vittone. La <strong>Torre-puerta del Antiguo Ricetto<\/strong> (tambi\u00e9n conocida como <em>puerta stellina<\/em>, del siglo XIII y que permit\u00eda el acceso a la <em>plaza<\/em>, la actual Via Compajre, que era la \u00fanica calle espaciosa entre las murallas), la sede de la <strong>Societ\u00e0 Operaia di Mutuo Soccorso<\/strong> (casa natal del pintor y Senador del Reino de Italia Giacomo Grosso), la <strong>Sala del Consejo del Palacio Municipal<\/strong>, con obras de los artistas cambianeses Giacomo Grosso, Lorenzo Vergnano y Onorio Mosso, as\u00ed como de los contempor\u00e1neos Ferruccio d&#8217;Angelo, Giovanni Borgarello y Cesario Carena, el <strong>Cementerio<\/strong> con la <strong>escultura funeraria <\/strong> de la tumba \u00abBert Nevissano\u00bb realizada por Lorenzo Vergnano.<\/p>\n\n<div style=\"height:30px\" aria-hidden=\"true\" class=\"wp-block-spacer\"><\/div>\n\n<p><strong>Pista ciclopedonale Cambiano-Pecetto Torinese<\/strong>. El carril bici y peatonal que une Cambiano con la localidad de Madonna della Scala y desde all\u00ed, con una conexi\u00f3n circular, al municipio de Pecetto, forma parte de los senderos de \u00abPistaaa: La Blue Way Piemontese\u00bb, una v\u00eda ciclista que conecta las colinas de Tur\u00edn, Chieri, Pianalto y Bajo Monferrato a trav\u00e9s de caminos rurales o carreteras de bajo tr\u00e1fico vehicular. Los letreros proporcionan informaci\u00f3n sobre la regi\u00f3n a trav\u00e9s de la aplicaci\u00f3n \u00ab<em>Pistaaa<\/em>\u00ab, que se puede descargar de forma gratuita en tel\u00e9fonos Android o iOS y contiene im\u00e1genes del \u00abTercer Para\u00edso\u00bb de Michelangelo Pistoletto, realizadas por artistas locales. El proyecto del carril ciclopedonale fue realizado e ideado por la Asociaci\u00f3n de Promoci\u00f3n Social Ci\u00f2CheVale en colaboraci\u00f3n con 21 administraciones municipales. <\/p>\n\n<div style=\"height:30px\" aria-hidden=\"true\" class=\"wp-block-spacer\"><\/div>\n\n<p><strong>MunLab &#8211; Ecomuseo dell&#8217;argilla. <\/strong>El museo, fundado en 2001 para transmitir conocimientos sobre la cer\u00e1mica, tiene su sede en los espacios de arqueolog\u00eda industrial de un horno centenario. Realiza actividades de investigaci\u00f3n, divulgaci\u00f3n y valorizaci\u00f3n de la memoria de los lugares y del saber hacer local, as\u00ed como temas ambientales, dise\u00f1o y arte relacionados con el paisaje y la tierra. Colabora con universidades, instituciones art\u00edsticas y culturales, acoge pasant\u00edas, tesis y cursos de formaci\u00f3n e investigaci\u00f3n avanzados. La Secci\u00f3n Did\u00e1ctica est\u00e1 activa desde hace 20 a\u00f1os con propuestas en constante evoluci\u00f3n y resultado de una planificaci\u00f3n interactiva entre diversas figuras profesionales involucradas. Desde 2007 forma parte de la Red de Ecomuseos de Piamonte. Desde 2016, Munlab est\u00e1 abierto al p\u00fablico con un recorrido muse\u00edstico y talleres en el marco de Abbonamento Musei Piemonte (<a href=\"http:\/\/www.munlabtorino.it\">www.munlabtorino.it<\/a>).     <\/p>\n\n<div style=\"height:30px\" aria-hidden=\"true\" class=\"wp-block-spacer\"><\/div>\n\n<div class=\"wp-block-cover is-light\" style=\"min-height:100px;aspect-ratio:unset;\"><span aria-hidden=\"true\" class=\"wp-block-cover__background has-cyan-bluish-gray-background-color has-background-dim\"><\/span><div class=\"wp-block-cover__inner-container is-layout-flow wp-block-cover-is-layout-flow\">\n<h2 class=\"wp-block-heading\">Siguiendo los pasos de Don Bosco<\/h2>\n\n\n\n<p><\/p>\n\n\n\n<p><strong>Don Bosco a Cambiano<\/strong><\/p>\n\n\n\n<p>En su juventud, Don Bosco tuvo v\u00ednculos con el cambianese Don Bartolomeo Dassano (1796-1854), natural de Cambiano (To) y p\u00e1rroco de Castelnuovo d&#8217;Asti desde 1827 hasta 1834. Invitado a predicar en Cambiano en agosto de 1859, Giovanni Bosco tuvo que interrumpir su viaje en tren bajando en Trofarello para continuar a pie bajo la lluvia. En el mismo tren viajaba el Diputado Tommaso Villa, que continu\u00f3 en carruaje y lo invit\u00f3 a subir.<em>\u00abEl Hon. Villa qued\u00f3 impresionado por sus modales y su reserva y amabilidad al hablar, y llegando a Cambiano le pregunt\u00f3 si se quedar\u00eda en el pueblo o regresar\u00eda esa misma noche. Al enterarse de que ten\u00eda que regresar, lo invit\u00f3 a encontrarse en tal lugar y a tal hora para aprovechar su carruaje   <\/em>\u00ab.<\/p>\n<\/div><\/div>\n\n<p><\/p>\n\n<p><\/p>\n","protected":false},"excerpt":{"rendered":"<p>Cambiano cuenta con m\u00e1s de 5.900 habitantes y est\u00e1 a 21 km de Tur\u00edn. Con ra\u00edces antiguas, el descubrimiento de rastros de un antiguo edificio romano y algunas monedas de bronce sugiere que la zona estuvo habitada desde el siglo III d.C. En la Edad Media, su historia se entrelaza con la de Chieri, con [&hellip;]<\/p>\n","protected":false},"author":1,"featured_media":0,"parent":0,"menu_order":0,"comment_status":"closed","ping_status":"closed","template":"","meta":{"footnotes":""},"class_list":["post-5296","page","type-page","status-publish","hentry"],"_links":{"self":[{"href":"https:\/\/www.camminodonbosco.eu\/es\/wp-json\/wp\/v2\/pages\/5296","targetHints":{"allow":["GET"]}}],"collection":[{"href":"https:\/\/www.camminodonbosco.eu\/es\/wp-json\/wp\/v2\/pages"}],"about":[{"href":"https:\/\/www.camminodonbosco.eu\/es\/wp-json\/wp\/v2\/types\/page"}],"author":[{"embeddable":true,"href":"https:\/\/www.camminodonbosco.eu\/es\/wp-json\/wp\/v2\/users\/1"}],"replies":[{"embeddable":true,"href":"https:\/\/www.camminodonbosco.eu\/es\/wp-json\/wp\/v2\/comments?post=5296"}],"version-history":[{"count":0,"href":"https:\/\/www.camminodonbosco.eu\/es\/wp-json\/wp\/v2\/pages\/5296\/revisions"}],"wp:attachment":[{"href":"https:\/\/www.camminodonbosco.eu\/es\/wp-json\/wp\/v2\/media?parent=5296"}],"curies":[{"name":"wp","href":"https:\/\/api.w.org\/{rel}","templated":true}]}}

<p><strong>Cambiano</strong> cuenta con más de 5.900 habitantes y está a 21 km de Turín. Con raíces antiguas, el descubrimiento de rastros de un antiguo edificio romano y algunas monedas de bronce sugiere que la zona estuvo habitada desde el siglo III d.C. En la Edad Media, su historia se entrelaza con la de Chieri, con la sumisión a los Saboya-Acaja en 1347. En el siglo XIV se construyó el <strong>Ricetto</strong>, una fortificación medieval a la que se accedía a través de dos puertas, una de las cuales todavía es visible. Los Saboya extendieron su dominio en el área entre 1500 y 1600, y hubo numerosas destrucciones a lo largo de los siglos, agravadas por la plaga de 1630. Ocupada por los franceses después de 1640, se anexó al Imperio Napoleónico y regresó a los Saboya en 1815. Además de ser golpeado por la plaga en 1630, el territorio de Cambiano fue escenario de enfrentamientos sangrientos en esos años. Las guerras de sucesión se sucedieron y durante el período de la Guerra de los Treinta Años, después de la batalla cerca de <em>La Rotta</em> de Moncalieri-Villastellone, las tropas francesas saquearon todos los pueblos cercanos y acamparon en Cambiano. Durante el período que siguió, el territorio de Cambiano cambió de manos varias veces: marqueses, condesas y caballeros se sucedieron, para volver a ser francés durante el Imperio Napoleónico. Con la fundación del Reino de Italia, Cambiano entró en una fase de desarrollo, con un crecimiento constante de la población, gracias a la llegada de muchos trabajadores atraídos por las oportunidades de empleo en la <strong>industria textil</strong> y las <strong>fundiciones</strong>.</p>

<div style="height:30px" aria-hidden="true" class="wp-block-spacer"></div>

<h2 class="wp-block-heading">Lugares de interés:</h2>

<p> La <strong>Parroquia</strong> de los Santos Vincenzo e Anastasio, reconstruida en el siglo XVII, con la fachada modificada en 1740 según el diseño de Vittone. La <strong>Torre-puerta del Antiguo Ricetto</strong> (también conocida como <em>puerta stellina</em>, del siglo XIII y que permitía el acceso a la <em>plaza</em>, la actual Via Compajre, que era la única calle espaciosa entre las murallas), la sede de la <strong>Società Operaia di Mutuo Soccorso</strong> (casa natal del pintor y Senador del Reino de Italia Giacomo Grosso), la <strong>Sala del Consejo del Palacio Municipal</strong>, con obras de los artistas cambianeses Giacomo Grosso, Lorenzo Vergnano y Onorio Mosso, así como de los contemporáneos Ferruccio d&#8217;Angelo, Giovanni Borgarello y Cesario Carena, el <strong>Cementerio</strong> con la <strong>escultura funeraria </strong> de la tumba «Bert Nevissano» realizada por Lorenzo Vergnano.</p>

<div style="height:30px" aria-hidden="true" class="wp-block-spacer"></div>

<p><strong>Pista ciclopedonale Cambiano-Pecetto Torinese</strong>. El carril bici y peatonal que une Cambiano con la localidad de Madonna della Scala y desde allí, con una conexión circular, al municipio de Pecetto, forma parte de los senderos de «Pistaaa: La Blue Way Piemontese», una vía ciclista que conecta las colinas de Turín, Chieri, Pianalto y Bajo Monferrato a través de caminos rurales o carreteras de bajo tráfico vehicular. Los letreros proporcionan información sobre la región a través de la aplicación «<em>Pistaaa</em>«, que se puede descargar de forma gratuita en teléfonos Android o iOS y contiene imágenes del «Tercer Paraíso» de Michelangelo Pistoletto, realizadas por artistas locales. El proyecto del carril ciclopedonale fue realizado e ideado por la Asociación de Promoción Social CiòCheVale en colaboración con 21 administraciones municipales. </p>

<div style="height:30px" aria-hidden="true" class="wp-block-spacer"></div>

<p><strong>MunLab &#8211; Ecomuseo dell&#8217;argilla. </strong>El museo, fundado en 2001 para transmitir conocimientos sobre la cerámica, tiene su sede en los espacios de arqueología industrial de un horno centenario. Realiza actividades de investigación, divulgación y valorización de la memoria de los lugares y del saber hacer local, así como temas ambientales, diseño y arte relacionados con el paisaje y la tierra. Colabora con universidades, instituciones artísticas y culturales, acoge pasantías, tesis y cursos de formación e investigación avanzados. La Sección Didáctica está activa desde hace 20 años con propuestas en constante evolución y resultado de una planificación interactiva entre diversas figuras profesionales involucradas. Desde 2007 forma parte de la Red de Ecomuseos de Piamonte. Desde 2016, Munlab está abierto al público con un recorrido museístico y talleres en el marco de Abbonamento Musei Piemonte (<a href="http://www.munlabtorino.it">www.munlabtorino.it</a>).     </p>

<div style="height:30px" aria-hidden="true" class="wp-block-spacer"></div>

<div class="wp-block-cover is-light" style="min-height:100px;aspect-ratio:unset;"><span aria-hidden="true" class="wp-block-cover__background has-cyan-bluish-gray-background-color has-background-dim"></span><div class="wp-block-cover__inner-container is-layout-flow wp-block-cover-is-layout-flow">
<h2 class="wp-block-heading">Siguiendo los pasos de Don Bosco</h2>



<p></p>



<p><strong>Don Bosco a Cambiano</strong></p>



<p>En su juventud, Don Bosco tuvo vínculos con el cambianese Don Bartolomeo Dassano (1796-1854), natural de Cambiano (To) y párroco de Castelnuovo d&#8217;Asti desde 1827 hasta 1834. Invitado a predicar en Cambiano en agosto de 1859, Giovanni Bosco tuvo que interrumpir su viaje en tren bajando en Trofarello para continuar a pie bajo la lluvia. En el mismo tren viajaba el Diputado Tommaso Villa, que continuó en carruaje y lo invitó a subir.<em>«El Hon. Villa quedó impresionado por sus modales y su reserva y amabilidad al hablar, y llegando a Cambiano le preguntó si se quedaría en el pueblo o regresaría esa misma noche. Al enterarse de que tenía que regresar, lo invitó a encontrarse en tal lugar y a tal hora para aprovechar su carruaje   </em>«.</p>
</div></div>

<p></p>

<p></p>

<p>Cambiano cuenta con más de 5.900 habitantes y está a 21 km de Turín. Con raíces antiguas, el descubrimiento de rastros de un antiguo edificio romano y algunas monedas de bronce sugiere que la zona estuvo habitada desde el siglo III d.C. En la Edad Media, su historia se entrelaza con la de Chieri, con [&hellip;]</p>
