{"id":5302,"date":"2022-07-08T10:56:53","date_gmt":"2022-07-08T08:56:53","guid":{"rendered":"https:\/\/www.camminodonbosco.eu\/chieri\/"},"modified":"2024-01-04T18:18:40","modified_gmt":"2024-01-04T17:18:40","slug":"chieri","status":"publish","type":"page","link":"https:\/\/www.camminodonbosco.eu\/es\/chieri\/","title":{"rendered":"Chieri"},"content":{"rendered":"\n<p><strong>Chieri<\/strong> cuenta con m\u00e1s de 37,000 habitantes y est\u00e1 a 16 km de Tur\u00edn; tiene una historia de al menos dos milenios: varios hallazgos arqueol\u00f3gicos testimonian que el territorio estaba habitado desde la protohistoria (Edad del Bronce y del Hierro). En el siglo II a.C., los romanos establecieron una colonia llamada \u00ab<em><strong>Carrea potentia<\/strong><\/em>\u00ab, pero solo a partir del siglo XI, tras las fortificaciones realizadas por el Obispo de Tur\u00edn, Chieri se afirm\u00f3 primero como una ciudad libre e importante centro comercial. Perteneci\u00f3 a los Saboya desde 1046, en 1155 fue <strong>destruida por el emperador Federico Barbarossa<\/strong> y luego se convirti\u00f3 en una pr\u00f3spera ciudad bajo el <strong>dominio de los Savoia<\/strong> a partir de 1437. Conocida como la \u00ab<em><strong>ciudad de las cien torres<\/strong><\/em>\u00bb debido a las importantes familias nobles que la habitaban, en el siglo XVI estuvo repetidamente <strong>involucrada en las guerras entre Francia y Espa\u00f1a<\/strong>, mientras que en el siglo XVII una epidemia de peste redujo a la mitad su poblaci\u00f3n. <strong>El comercio y la agricultura<\/strong> (c\u00e1\u00f1amo, lino y viticultura) impulsaron su desarrollo econ\u00f3mico, fortalecido durante el dominio napole\u00f3nico por la instalaci\u00f3n de una importante <strong>f\u00e1brica textil<\/strong> y la introducci\u00f3n posterior del procesamiento del algod\u00f3n. A partir de entonces, comenz\u00f3 un importante desarrollo econ\u00f3mico, estrechamente relacionado con la industria textil del Piamonte, y un desarrollo urban\u00edstico.       <\/p>\n\n<div style=\"height:30px\" aria-hidden=\"true\" class=\"wp-block-spacer\"><\/div>\n\n<h2 class=\"wp-block-heading\">Lugares de inter\u00e9s:<\/h2>\n\n<p>El <strong>centro hist\u00f3rico, con su caracter\u00edstica forma de caracol<\/strong>.  <strong>La Catedral <\/strong>(Colegiata de Santa Mar\u00eda della Scala), una de las iglesias m\u00e1s grandes del Piamonte, construida en su estructura actual entre 1405 y 1436, con obras pict\u00f3ricas y estatuas que abarcan siete siglos de historia, as\u00ed como un extraordinario <strong>baptisterio<\/strong> con frescos que representan la Pasi\u00f3n de Cristo y un grandioso portal de m\u00e1rmol. La <strong>Iglesia de San Jorge<\/strong>, desde la que se disfruta de una vista panor\u00e1mica, fue construida en 1037 y renovada en la \u00e9poca barroca (1752). El <strong>Convento de San Domenico<\/strong> (siglos XIV-XV), con numerosas capillas patricias, conserva antiguos tesoros, incluyendo valiosas obras de Moncalvo. La <strong>Iglesia barroca de San Felipe<\/strong>, que data de 1673. El <strong>Santuario de la Anunciaci\u00f3n<\/strong>, que data del siglo XVII y fue construido alrededor del fresco de 1469 al que se le atribuyeron virtudes milagrosas. El <strong>Arco de la plaza<\/strong>, uno de los s\u00edmbolos de la ciudad, construido en 1580 en honor a Emanuele Filiberto de Savoia. El <strong>Gueto de los Jud\u00edos<\/strong>, con ventanas g\u00f3ticas, con edificios originalmente habitados por importantes familias locales y destinados a la comunidad jud\u00eda desde 1724. Los impresionantes <strong>palacios medievales<\/strong>: Albussani, Balbiano, Brea, Bruni, Mercadillo, Opesso, Tana y Valfr\u00e8, por mencionar algunos.<\/p>\n\n<div style=\"height:30px\" aria-hidden=\"true\" class=\"wp-block-spacer\"><\/div>\n\n<h2 class=\"wp-block-heading\">Museos<\/h2>\n\n<p><strong>Casa Martini <\/strong>&#8211; Piazza Luigi Rossi, 2 Pessione &#8211; <a href=\"mailto:casamartini@bacardi.com\">casamartini@bacardi.com<\/a> <\/p>\n\n<p><strong>Centro Visite Don Bosco <\/strong>&#8211; Via V. Emanuele II, 63 &#8211; <a href=\"mailto:info@turismochieri.it\">info@turismochieri.it<\/a> <\/p>\n\n<p><strong>Imbiancheria del Vajro<\/strong> &#8211; Via Imbiancheria 12 &#8211; <a href=\"mailto:cultura@comune.chieri.to.it\">cultura@comune.chieri.to.it<\/a><\/p>\n\n<p><strong>MAC Mostra Archeologica Chieri <\/strong>&#8211; Via Palazzo di Citt\u00e0, 10 &#8211; <a href=\"mailto:cultura@comune.chieri.to.it\">cultura@comune.chieri.to.it<\/a><\/p>\n\n<p><strong>Museo del Tessile<\/strong> &#8211; Via Santa Chiara 11\/A &#8211; <a href=\"mailto:info@fmtessilchieri.org\">info@fmtessilchieri.org<\/a><\/p>\n\n<p><strong>Museo Etnografico Villa Brea <\/strong>-Villa Brea &#8211; Strada Pecetto, 14 &#8211; <a href=\"mailto:camsafa@camsafa.org\">camsafa@camsafa.org<\/a><\/p>\n","protected":false},"excerpt":{"rendered":"<p>Chieri cuenta con m\u00e1s de 37,000 habitantes y est\u00e1 a 16 km de Tur\u00edn; tiene una historia de al menos dos milenios: varios hallazgos arqueol\u00f3gicos testimonian que el territorio estaba habitado desde la protohistoria (Edad del Bronce y del Hierro). En el siglo II a.C., los romanos establecieron una colonia llamada \u00abCarrea potentia\u00ab, pero solo [&hellip;]<\/p>\n","protected":false},"author":1,"featured_media":0,"parent":0,"menu_order":0,"comment_status":"closed","ping_status":"closed","template":"","meta":{"footnotes":""},"class_list":["post-5302","page","type-page","status-publish","hentry"],"_links":{"self":[{"href":"https:\/\/www.camminodonbosco.eu\/es\/wp-json\/wp\/v2\/pages\/5302","targetHints":{"allow":["GET"]}}],"collection":[{"href":"https:\/\/www.camminodonbosco.eu\/es\/wp-json\/wp\/v2\/pages"}],"about":[{"href":"https:\/\/www.camminodonbosco.eu\/es\/wp-json\/wp\/v2\/types\/page"}],"author":[{"embeddable":true,"href":"https:\/\/www.camminodonbosco.eu\/es\/wp-json\/wp\/v2\/users\/1"}],"replies":[{"embeddable":true,"href":"https:\/\/www.camminodonbosco.eu\/es\/wp-json\/wp\/v2\/comments?post=5302"}],"version-history":[{"count":0,"href":"https:\/\/www.camminodonbosco.eu\/es\/wp-json\/wp\/v2\/pages\/5302\/revisions"}],"wp:attachment":[{"href":"https:\/\/www.camminodonbosco.eu\/es\/wp-json\/wp\/v2\/media?parent=5302"}],"curies":[{"name":"wp","href":"https:\/\/api.w.org\/{rel}","templated":true}]}}

<p><strong>Chieri</strong> cuenta con más de 37,000 habitantes y está a 16 km de Turín; tiene una historia de al menos dos milenios: varios hallazgos arqueológicos testimonian que el territorio estaba habitado desde la protohistoria (Edad del Bronce y del Hierro). En el siglo II a.C., los romanos establecieron una colonia llamada «<em><strong>Carrea potentia</strong></em>«, pero solo a partir del siglo XI, tras las fortificaciones realizadas por el Obispo de Turín, Chieri se afirmó primero como una ciudad libre e importante centro comercial. Perteneció a los Saboya desde 1046, en 1155 fue <strong>destruida por el emperador Federico Barbarossa</strong> y luego se convirtió en una próspera ciudad bajo el <strong>dominio de los Savoia</strong> a partir de 1437. Conocida como la «<em><strong>ciudad de las cien torres</strong></em>» debido a las importantes familias nobles que la habitaban, en el siglo XVI estuvo repetidamente <strong>involucrada en las guerras entre Francia y España</strong>, mientras que en el siglo XVII una epidemia de peste redujo a la mitad su población. <strong>El comercio y la agricultura</strong> (cáñamo, lino y viticultura) impulsaron su desarrollo económico, fortalecido durante el dominio napoleónico por la instalación de una importante <strong>fábrica textil</strong> y la introducción posterior del procesamiento del algodón. A partir de entonces, comenzó un importante desarrollo económico, estrechamente relacionado con la industria textil del Piamonte, y un desarrollo urbanístico.       </p>

<div style="height:30px" aria-hidden="true" class="wp-block-spacer"></div>

<h2 class="wp-block-heading">Lugares de interés:</h2>

<p>El <strong>centro histórico, con su característica forma de caracol</strong>.  <strong>La Catedral </strong>(Colegiata de Santa María della Scala), una de las iglesias más grandes del Piamonte, construida en su estructura actual entre 1405 y 1436, con obras pictóricas y estatuas que abarcan siete siglos de historia, así como un extraordinario <strong>baptisterio</strong> con frescos que representan la Pasión de Cristo y un grandioso portal de mármol. La <strong>Iglesia de San Jorge</strong>, desde la que se disfruta de una vista panorámica, fue construida en 1037 y renovada en la época barroca (1752). El <strong>Convento de San Domenico</strong> (siglos XIV-XV), con numerosas capillas patricias, conserva antiguos tesoros, incluyendo valiosas obras de Moncalvo. La <strong>Iglesia barroca de San Felipe</strong>, que data de 1673. El <strong>Santuario de la Anunciación</strong>, que data del siglo XVII y fue construido alrededor del fresco de 1469 al que se le atribuyeron virtudes milagrosas. El <strong>Arco de la plaza</strong>, uno de los símbolos de la ciudad, construido en 1580 en honor a Emanuele Filiberto de Savoia. El <strong>Gueto de los Judíos</strong>, con ventanas góticas, con edificios originalmente habitados por importantes familias locales y destinados a la comunidad judía desde 1724. Los impresionantes <strong>palacios medievales</strong>: Albussani, Balbiano, Brea, Bruni, Mercadillo, Opesso, Tana y Valfrè, por mencionar algunos.</p>

<div style="height:30px" aria-hidden="true" class="wp-block-spacer"></div>

<h2 class="wp-block-heading">Museos</h2>

<p><strong>Casa Martini </strong>&#8211; Piazza Luigi Rossi, 2 Pessione &#8211; <a href="mailto:casamartini@bacardi.com">casamartini@bacardi.com</a> </p>

<p><strong>Centro Visite Don Bosco </strong>&#8211; Via V. Emanuele II, 63 &#8211; <a href="mailto:info@turismochieri.it">info@turismochieri.it</a> </p>

<p><strong>Imbiancheria del Vajro</strong> &#8211; Via Imbiancheria 12 &#8211; <a href="mailto:cultura@comune.chieri.to.it">cultura@comune.chieri.to.it</a></p>

<p><strong>MAC Mostra Archeologica Chieri </strong>&#8211; Via Palazzo di Città, 10 &#8211; <a href="mailto:cultura@comune.chieri.to.it">cultura@comune.chieri.to.it</a></p>

<p><strong>Museo del Tessile</strong> &#8211; Via Santa Chiara 11/A &#8211; <a href="mailto:info@fmtessilchieri.org">info@fmtessilchieri.org</a></p>

<p><strong>Museo Etnografico Villa Brea </strong>-Villa Brea &#8211; Strada Pecetto, 14 &#8211; <a href="mailto:camsafa@camsafa.org">camsafa@camsafa.org</a></p>

<p>Chieri cuenta con más de 37,000 habitantes y está a 16 km de Turín; tiene una historia de al menos dos milenios: varios hallazgos arqueológicos testimonian que el territorio estaba habitado desde la protohistoria (Edad del Bronce y del Hierro). En el siglo II a.C., los romanos establecieron una colonia llamada «Carrea potentia«, pero solo [&hellip;]</p>
