{"id":5316,"date":"2022-07-08T11:02:31","date_gmt":"2022-07-08T09:02:31","guid":{"rendered":"https:\/\/www.camminodonbosco.eu\/pralormo\/"},"modified":"2024-01-04T19:07:37","modified_gmt":"2024-01-04T18:07:37","slug":"pralormo","status":"publish","type":"page","link":"https:\/\/www.camminodonbosco.eu\/es\/pralormo\/","title":{"rendered":"Pralormo"},"content":{"rendered":"\n<p><strong>Pralormo<\/strong> cuenta con aproximadamente 1,900 habitantes, est\u00e1 a 40 km de Tur\u00edn y se extiende sobre una colina entre las estribaciones del Pianalto y el comienzo del Roero. El nombre es una s\u00edntesis de \u00ab<em>pratum<\/em>\u00bb y \u00abulmum\u00bb, un nombre derivado de la tradici\u00f3n longobarda de plantar \u00e1rboles (olmos, robles, etc.) en puntos simb\u00f3licos del asentamiento. Las primeras menciones documentadas datan de 1065, cuando el lugar, llamado <em>Predarolo<\/em>, fue cedido por Adelaide di Susa al Obispo de Asti. En los siglos siguientes, el feudo fue dividido repetidamente, y varios se\u00f1ores, se\u00f1ores feudales y familias (Anterisio, Desaya, Gorzano, Pelletta, Roero y, despu\u00e9s de su extinci\u00f3n, los Costa della Trinit\u00e0 y di Polonghera, los Petrina, los Dal Pozzo di Voghera, los Ferrero della Marmora y los Beraudo) se alternaron en el dominio de Pralormo. En su historia, destacan dos figuras importantes: el cardenal <strong>Giovanni Battista Roero<\/strong> y el conde Carlo Beraudo di Pralormo. El primero fue obispo de Acqui desde 1727 hasta 1744, a\u00f1o en que fue nombrado arzobispo de Tur\u00edn y luego cardenal en 1756.     <br\/>El <strong>conde Carlo Beraudo di Pralormo<\/strong>, a quien se debe la unificaci\u00f3n del feudo alrededor de 1830 cuando adquiri\u00f3 las respectivas propiedades de los Roero y los La Marmora, desempe\u00f1\u00f3 un papel importante en la historia de la primera mitad del siglo XIX. Comenz\u00f3 su carrera en la legaci\u00f3n sarda en Berl\u00edn y Par\u00eds, luego se convirti\u00f3 en ministro plenipotenciario en Par\u00eds y Viena, y posteriormente ocup\u00f3 el cargo de ministro de finanzas y luego ministro del interior del rey de Cerde\u00f1a, Carlo Alberto. Fue nombrado senador en 1848 y negoci\u00f3 la paz de Mil\u00e1n con Austria en 1849.   <\/p>\n\n<div style=\"height:30px\" aria-hidden=\"true\" class=\"wp-block-spacer\"><\/div>\n\n<h2 class=\"wp-block-heading\">Lugares de inter\u00e9s:<\/h2>\n\n<p>La <strong>Parrocchiale di San Donato<\/strong> (1931) con un valioso tr\u00edptico de Jacopino Longo (1546) recientemente robado. El medieval <strong>Castello Beraudo di Pralormo<\/strong>, cuya construcci\u00f3n se remonta al siglo XIII, con la cascina, el espl\u00e9ndido parque estilo ingl\u00e9s dise\u00f1ado en el siglo XIX por Xavier Kurten, arquitecto de la corte y autor de los jardines m\u00e1s importantes de las residencias saboyanas, el invernadero y la casa de vidrio y hierro. Desde el a\u00f1o 2000, el parque alberga en abril el evento <strong>Messer Tulipano<\/strong>, con m\u00e1s de 100,000 flores, incluyendo tulipanes y narcisos, que dan la bienvenida a la primavera cada a\u00f1o.<\/p>\n\n<p>El <strong>Santuario de la Virgen de la Espina<\/strong> (1756), que se encuentra cerca del <strong>Lago della Spina<\/strong>, un embalse construido a partir de 1827 que alcanza dimensiones de aproximadamente 1 km de longitud y 200 m de ancho en su punto m\u00e1s ancho.<br\/>El embalse, que todav\u00eda atraviesa el peque\u00f1o valle del rio Torto, fue construido por orden del Conde Carlo Beraudo di Pralormo y del Marqu\u00e9s Carlo Emanuele Ferrero Della Marmora con el prop\u00f3sito de recolectar agua de lluvia para el riego.<\/p>\n\n<p><\/p>\n\n<p><\/p>\n\n<p> <\/p>\n","protected":false},"excerpt":{"rendered":"<p>Pralormo cuenta con aproximadamente 1,900 habitantes, est\u00e1 a 40 km de Tur\u00edn y se extiende sobre una colina entre las estribaciones del Pianalto y el comienzo del Roero. El nombre es una s\u00edntesis de \u00abpratum\u00bb y \u00abulmum\u00bb, un nombre derivado de la tradici\u00f3n longobarda de plantar \u00e1rboles (olmos, robles, etc.) en puntos simb\u00f3licos del asentamiento. [&hellip;]<\/p>\n","protected":false},"author":1,"featured_media":0,"parent":0,"menu_order":0,"comment_status":"closed","ping_status":"closed","template":"","meta":{"footnotes":""},"class_list":["post-5316","page","type-page","status-publish","hentry"],"_links":{"self":[{"href":"https:\/\/www.camminodonbosco.eu\/es\/wp-json\/wp\/v2\/pages\/5316","targetHints":{"allow":["GET"]}}],"collection":[{"href":"https:\/\/www.camminodonbosco.eu\/es\/wp-json\/wp\/v2\/pages"}],"about":[{"href":"https:\/\/www.camminodonbosco.eu\/es\/wp-json\/wp\/v2\/types\/page"}],"author":[{"embeddable":true,"href":"https:\/\/www.camminodonbosco.eu\/es\/wp-json\/wp\/v2\/users\/1"}],"replies":[{"embeddable":true,"href":"https:\/\/www.camminodonbosco.eu\/es\/wp-json\/wp\/v2\/comments?post=5316"}],"version-history":[{"count":0,"href":"https:\/\/www.camminodonbosco.eu\/es\/wp-json\/wp\/v2\/pages\/5316\/revisions"}],"wp:attachment":[{"href":"https:\/\/www.camminodonbosco.eu\/es\/wp-json\/wp\/v2\/media?parent=5316"}],"curies":[{"name":"wp","href":"https:\/\/api.w.org\/{rel}","templated":true}]}}

<p><strong>Pralormo</strong> cuenta con aproximadamente 1,900 habitantes, está a 40 km de Turín y se extiende sobre una colina entre las estribaciones del Pianalto y el comienzo del Roero. El nombre es una síntesis de «<em>pratum</em>» y «ulmum», un nombre derivado de la tradición longobarda de plantar árboles (olmos, robles, etc.) en puntos simbólicos del asentamiento. Las primeras menciones documentadas datan de 1065, cuando el lugar, llamado <em>Predarolo</em>, fue cedido por Adelaide di Susa al Obispo de Asti. En los siglos siguientes, el feudo fue dividido repetidamente, y varios señores, señores feudales y familias (Anterisio, Desaya, Gorzano, Pelletta, Roero y, después de su extinción, los Costa della Trinità y di Polonghera, los Petrina, los Dal Pozzo di Voghera, los Ferrero della Marmora y los Beraudo) se alternaron en el dominio de Pralormo. En su historia, destacan dos figuras importantes: el cardenal <strong>Giovanni Battista Roero</strong> y el conde Carlo Beraudo di Pralormo. El primero fue obispo de Acqui desde 1727 hasta 1744, año en que fue nombrado arzobispo de Turín y luego cardenal en 1756.     <br/>El <strong>conde Carlo Beraudo di Pralormo</strong>, a quien se debe la unificación del feudo alrededor de 1830 cuando adquirió las respectivas propiedades de los Roero y los La Marmora, desempeñó un papel importante en la historia de la primera mitad del siglo XIX. Comenzó su carrera en la legación sarda en Berlín y París, luego se convirtió en ministro plenipotenciario en París y Viena, y posteriormente ocupó el cargo de ministro de finanzas y luego ministro del interior del rey de Cerdeña, Carlo Alberto. Fue nombrado senador en 1848 y negoció la paz de Milán con Austria en 1849.   </p>

<div style="height:30px" aria-hidden="true" class="wp-block-spacer"></div>

<h2 class="wp-block-heading">Lugares de interés:</h2>

<p>La <strong>Parrocchiale di San Donato</strong> (1931) con un valioso tríptico de Jacopino Longo (1546) recientemente robado. El medieval <strong>Castello Beraudo di Pralormo</strong>, cuya construcción se remonta al siglo XIII, con la cascina, el espléndido parque estilo inglés diseñado en el siglo XIX por Xavier Kurten, arquitecto de la corte y autor de los jardines más importantes de las residencias saboyanas, el invernadero y la casa de vidrio y hierro. Desde el año 2000, el parque alberga en abril el evento <strong>Messer Tulipano</strong>, con más de 100,000 flores, incluyendo tulipanes y narcisos, que dan la bienvenida a la primavera cada año.</p>

<p>El <strong>Santuario de la Virgen de la Espina</strong> (1756), que se encuentra cerca del <strong>Lago della Spina</strong>, un embalse construido a partir de 1827 que alcanza dimensiones de aproximadamente 1 km de longitud y 200 m de ancho en su punto más ancho.<br/>El embalse, que todavía atraviesa el pequeño valle del rio Torto, fue construido por orden del Conde Carlo Beraudo di Pralormo y del Marqués Carlo Emanuele Ferrero Della Marmora con el propósito de recolectar agua de lluvia para el riego.</p>

<p></p>

<p></p>

<p> </p>

<p>Pralormo cuenta con aproximadamente 1,900 habitantes, está a 40 km de Turín y se extiende sobre una colina entre las estribaciones del Pianalto y el comienzo del Roero. El nombre es una síntesis de «pratum» y «ulmum», un nombre derivado de la tradición longobarda de plantar árboles (olmos, robles, etc.) en puntos simbólicos del asentamiento. [&hellip;]</p>
