{"id":5332,"date":"2022-07-08T10:46:28","date_gmt":"2022-07-08T08:46:28","guid":{"rendered":"https:\/\/www.camminodonbosco.eu\/andezeno\/"},"modified":"2024-02-25T17:12:53","modified_gmt":"2024-02-25T16:12:53","slug":"andezeno","status":"publish","type":"page","link":"https:\/\/www.camminodonbosco.eu\/es\/andezeno\/","title":{"rendered":"Andezeno"},"content":{"rendered":"\n<p><strong>Andezeno<\/strong> cuenta con aproximadamente 2.100 habitantes y est\u00e1 a 20 km de Tur\u00edn.<\/p>\n\n<p>El primer registro escrito de Andezeno, un asentamiento de <strong>probable origen prerromano<\/strong>, data de 992 en un diploma de confirmaci\u00f3n a los monjes de la Abad\u00eda de Breme, anteriormente de la Novalesa, que pose\u00edan numerosas propiedades, incluida <em>Andesellum<\/em>. En 1234, los Condes de Biandrate, aliados del Marqu\u00e9s de Monferrato, se convirtieron en se\u00f1ores de Andezeno, lo que los enfrent\u00f3 al libre Comune di Chieri. Hubo varios a\u00f1os de conflictos que terminaron en 1290 con la venta del Se\u00f1or\u00edo a los habitantes de Chieri.  <\/p>\n\n<p><strong>Parcialmente destruida por el ej\u00e9rcito espa\u00f1ol<\/strong> para expulsar a los franceses que la hab\u00edan ocupado y amenazaban a Chieri, fue <strong>enfeudada por los Saboya a sus ciudadanos<\/strong>, con el derecho de reconstruir el lugar y cualquier otro bien que tuvieran. Posteriormente, los Condes Balbiano y otros nobles locales reclamaron derechos feudales. Con la ocupaci\u00f3n napole\u00f3nica, se incluy\u00f3 en el Departamento del Po y form\u00f3 parte del Distrito de Riva cerca de Chieri hasta la unificaci\u00f3n de Italia.  <\/p>\n\n<p>La <strong>Torre campanaria<\/strong>, en su momento una torre de defensa del antiguo \u00ab<em>castrum<\/em>\u00ab. El n\u00facleo original del <strong>castillo<\/strong>, del que quedan pocas huellas, data del siglo XII, por lo que es dif\u00edcil determinar si se trataba de un castillo o simplemente de una fortificaci\u00f3n con su correspondiente muralla alrededor de la Rocca. <\/p>\n\n<p>La <strong>Iglesia cementerial de San Giorgio<\/strong> (siglo XII) se encuentra entre las iglesias rom\u00e1nicas del Monferrato que, a lo largo de los siglos, pasaron de ser parroquias a cementerios. Es un edificio de planta rectangular, de una sola nave, muy sencillo por dentro y sin mobiliario. De la estructura original rom\u00e1nica sobreviven el \u00e1bside semicircular y la pared sur, en la que se reutilizaron ladrillos y m\u00e1rmoles de la \u00e9poca romana; todav\u00eda se puede ver en una estela funeraria las colas cruzadas de dos delfines.  <\/p>\n\n<p>En la colina que domina Andezeno se encuentra la <strong>Iglesia parroquial de San Giorgio<\/strong>, un imponente edificio barroco de ladrillo a la vista terminado en 1759, con una sola nave rectangular con seis capillas, obra del arquitecto Giovan Battista Casasopra, disc\u00edpulo de Vittone. El altar mayor contiene en una urna de madera el cuerpo de Santa Giustina, patrona de los frutos de la tierra. Los frescos del techo (1853 y 1859) son obra de los pintores turineses Luigi y Rodolfo Morgari.  <\/p>\n\n<div style=\"height:30px\" aria-hidden=\"true\" class=\"wp-block-spacer\"><\/div>\n\n<h2 class=\"wp-block-heading\">Lugares de inter\u00e9s:<\/h2>\n\n<p>La <strong>Iglesia de los Bat\u00f9<\/strong> o de la <strong>Confraternita di S. Marco<\/strong>, consagrada en 1604, con una fachada sencilla dividida en dos \u00f3rdenes superpuestos y un t\u00edmpano cuadrangular.<\/p>\n\n<p>La <strong>Cascina Fruttera<\/strong>, una residencia de verano del diplom\u00e1tico de la Casa de Saboya Joseph De Maistre (1753-1821), una propiedad medieval de la Abad\u00eda de la Fruttuaria de San Benigno Canavese, es hoy una granja lineal con un <em>patio cerrado<\/em> que data de los siglos XVII-XVIII.<\/p>\n\n<p><strong>Villa Simeom,<\/strong> construida a finales del siglo XVIII, con m\u00e1s de siete hect\u00e1reas de parque y seiscientos metros cuadrados de <strong>salas de \u00e9poca originales<\/strong>, fue en el pasado una casa de caza, residencia de verano y refugio seguro. Fue residencia durante generaciones de la familia Simeom, donde se recopilaron y archivaron las evidencias m\u00e1s importantes de la historia subalpina contenidas en la colecci\u00f3n hom\u00f3nima gracias a la competencia y dedicaci\u00f3n de Silvio Simeom, hoy custodiada y consultable en el Archivo Hist\u00f3rico de Tur\u00edn.  El <strong>Sal\u00f3n de baile<\/strong>, ubicado en el centro de la Villa, completamente decorado con frescos y con una ac\u00fastica impecable y un techo de m\u00e1s de 12 metros de altura, fue creado para albergar bailes y conciertos cl\u00e1sicos (<a href=\"https:\/\/villasimeom.it\/\" data-type=\"URL\" data-id=\"https:\/\/villasimeom.it\/\" target=\"_blank\" rel=\"noreferrer noopener\">www.villasimeom.it<\/a>).<\/p>\n\n<div style=\"height:30px\" aria-hidden=\"true\" class=\"wp-block-spacer\"><\/div>\n\n<p><\/p>\n\n<div class=\"wp-block-cover is-light\" style=\"min-height:100px;aspect-ratio:unset;\"><span aria-hidden=\"true\" class=\"wp-block-cover__background has-cyan-bluish-gray-background-color has-background-dim\"><\/span><div class=\"wp-block-cover__inner-container is-layout-flow wp-block-cover-is-layout-flow\">\n<h2 class=\"wp-block-heading\">Siguiendo los pasos de Don Bosco<\/h2>\n\n\n\n<p><strong>Don Bosco en Andezeno<\/strong><\/p>\n\n\n\n<p>La <strong>Cascina Fruttera<\/strong> de Andezeno, una finca agr\u00edcola de origen medieval, fue fundada por la <strong>Abad\u00eda de San Benigno de Fruttuaria<\/strong>, de la que deriva el nombre Fruttera, para la gesti\u00f3n de las propiedades rurales que la misma abad\u00eda pose\u00eda en la zona. Es una granja con un patio cerrado (completa con una casa principal y una capilla) situada en la ladera de Andio, no lejos de la antigua Strada de Paneis (ahora Strada della Rezza) que conecta Chieri, a trav\u00e9s de la colina de Bardassano, con las orillas del Po cerca de Castiglione Torinese. La Fruttera perteneci\u00f3 a la <strong>familia de Maistre<\/strong> desde 1820 hasta 1873. Durante este per\u00edodo, es importante mencionar las <strong>visitas que realiz\u00f3 don Bosco<\/strong>, un \u00absanto excursionista\u00bb, como se documenta en las numerosas rutas que recorri\u00f3 a pie por las colinas del Piamonte y de las cuales Fruttera fue una de las paradas. El fundador de los Salesianos visit\u00f3 el lugar por primera vez en el verano de 1856 y regres\u00f3 en el oto\u00f1o de 1857, como invitado de la familia de Rodolfo de Maistre, junto con algunos alumnos del Oratorio de Valdocco. Don Giovanni Battista Francesia, que acompa\u00f1\u00f3 a don Bosco en muchas de sus caminatas de oto\u00f1o, describi\u00f3 la parada en Andezeno en su colecci\u00f3n de recuerdos titulada \u00abDon Bosco y sus caminatas de oto\u00f1o en el Monferrato\u00bb, donde el encuentro entre el futuro Santo y la familia de Maistre se describe con abundantes detalles y an\u00e9cdotas sabrosas.     <\/p>\n<\/div><\/div>\n","protected":false},"excerpt":{"rendered":"<p>Andezeno cuenta con aproximadamente 2.100 habitantes y est\u00e1 a 20 km de Tur\u00edn. El primer registro escrito de Andezeno, un asentamiento de probable origen prerromano, data de 992 en un diploma de confirmaci\u00f3n a los monjes de la Abad\u00eda de Breme, anteriormente de la Novalesa, que pose\u00edan numerosas propiedades, incluida Andesellum. En 1234, los Condes [&hellip;]<\/p>\n","protected":false},"author":1,"featured_media":0,"parent":0,"menu_order":0,"comment_status":"closed","ping_status":"closed","template":"","meta":{"footnotes":""},"class_list":["post-5332","page","type-page","status-publish","hentry"],"_links":{"self":[{"href":"https:\/\/www.camminodonbosco.eu\/es\/wp-json\/wp\/v2\/pages\/5332","targetHints":{"allow":["GET"]}}],"collection":[{"href":"https:\/\/www.camminodonbosco.eu\/es\/wp-json\/wp\/v2\/pages"}],"about":[{"href":"https:\/\/www.camminodonbosco.eu\/es\/wp-json\/wp\/v2\/types\/page"}],"author":[{"embeddable":true,"href":"https:\/\/www.camminodonbosco.eu\/es\/wp-json\/wp\/v2\/users\/1"}],"replies":[{"embeddable":true,"href":"https:\/\/www.camminodonbosco.eu\/es\/wp-json\/wp\/v2\/comments?post=5332"}],"version-history":[{"count":0,"href":"https:\/\/www.camminodonbosco.eu\/es\/wp-json\/wp\/v2\/pages\/5332\/revisions"}],"wp:attachment":[{"href":"https:\/\/www.camminodonbosco.eu\/es\/wp-json\/wp\/v2\/media?parent=5332"}],"curies":[{"name":"wp","href":"https:\/\/api.w.org\/{rel}","templated":true}]}}

<p><strong>Andezeno</strong> cuenta con aproximadamente 2.100 habitantes y está a 20 km de Turín.</p>

<p>El primer registro escrito de Andezeno, un asentamiento de <strong>probable origen prerromano</strong>, data de 992 en un diploma de confirmación a los monjes de la Abadía de Breme, anteriormente de la Novalesa, que poseían numerosas propiedades, incluida <em>Andesellum</em>. En 1234, los Condes de Biandrate, aliados del Marqués de Monferrato, se convirtieron en señores de Andezeno, lo que los enfrentó al libre Comune di Chieri. Hubo varios años de conflictos que terminaron en 1290 con la venta del Señorío a los habitantes de Chieri.  </p>

<p><strong>Parcialmente destruida por el ejército español</strong> para expulsar a los franceses que la habían ocupado y amenazaban a Chieri, fue <strong>enfeudada por los Saboya a sus ciudadanos</strong>, con el derecho de reconstruir el lugar y cualquier otro bien que tuvieran. Posteriormente, los Condes Balbiano y otros nobles locales reclamaron derechos feudales. Con la ocupación napoleónica, se incluyó en el Departamento del Po y formó parte del Distrito de Riva cerca de Chieri hasta la unificación de Italia.  </p>

<p>La <strong>Torre campanaria</strong>, en su momento una torre de defensa del antiguo «<em>castrum</em>«. El núcleo original del <strong>castillo</strong>, del que quedan pocas huellas, data del siglo XII, por lo que es difícil determinar si se trataba de un castillo o simplemente de una fortificación con su correspondiente muralla alrededor de la Rocca. </p>

<p>La <strong>Iglesia cementerial de San Giorgio</strong> (siglo XII) se encuentra entre las iglesias románicas del Monferrato que, a lo largo de los siglos, pasaron de ser parroquias a cementerios. Es un edificio de planta rectangular, de una sola nave, muy sencillo por dentro y sin mobiliario. De la estructura original románica sobreviven el ábside semicircular y la pared sur, en la que se reutilizaron ladrillos y mármoles de la época romana; todavía se puede ver en una estela funeraria las colas cruzadas de dos delfines.  </p>

<p>En la colina que domina Andezeno se encuentra la <strong>Iglesia parroquial de San Giorgio</strong>, un imponente edificio barroco de ladrillo a la vista terminado en 1759, con una sola nave rectangular con seis capillas, obra del arquitecto Giovan Battista Casasopra, discípulo de Vittone. El altar mayor contiene en una urna de madera el cuerpo de Santa Giustina, patrona de los frutos de la tierra. Los frescos del techo (1853 y 1859) son obra de los pintores turineses Luigi y Rodolfo Morgari.  </p>

<div style="height:30px" aria-hidden="true" class="wp-block-spacer"></div>

<h2 class="wp-block-heading">Lugares de interés:</h2>

<p>La <strong>Iglesia de los Batù</strong> o de la <strong>Confraternita di S. Marco</strong>, consagrada en 1604, con una fachada sencilla dividida en dos órdenes superpuestos y un tímpano cuadrangular.</p>

<p>La <strong>Cascina Fruttera</strong>, una residencia de verano del diplomático de la Casa de Saboya Joseph De Maistre (1753-1821), una propiedad medieval de la Abadía de la Fruttuaria de San Benigno Canavese, es hoy una granja lineal con un <em>patio cerrado</em> que data de los siglos XVII-XVIII.</p>

<p><strong>Villa Simeom,</strong> construida a finales del siglo XVIII, con más de siete hectáreas de parque y seiscientos metros cuadrados de <strong>salas de época originales</strong>, fue en el pasado una casa de caza, residencia de verano y refugio seguro. Fue residencia durante generaciones de la familia Simeom, donde se recopilaron y archivaron las evidencias más importantes de la historia subalpina contenidas en la colección homónima gracias a la competencia y dedicación de Silvio Simeom, hoy custodiada y consultable en el Archivo Histórico de Turín.  El <strong>Salón de baile</strong>, ubicado en el centro de la Villa, completamente decorado con frescos y con una acústica impecable y un techo de más de 12 metros de altura, fue creado para albergar bailes y conciertos clásicos (<a href="https://villasimeom.it/" data-type="URL" data-id="https://villasimeom.it/" target="_blank" rel="noreferrer noopener">www.villasimeom.it</a>).</p>

<div style="height:30px" aria-hidden="true" class="wp-block-spacer"></div>

<p></p>

<div class="wp-block-cover is-light" style="min-height:100px;aspect-ratio:unset;"><span aria-hidden="true" class="wp-block-cover__background has-cyan-bluish-gray-background-color has-background-dim"></span><div class="wp-block-cover__inner-container is-layout-flow wp-block-cover-is-layout-flow">
<h2 class="wp-block-heading">Siguiendo los pasos de Don Bosco</h2>



<p><strong>Don Bosco en Andezeno</strong></p>



<p>La <strong>Cascina Fruttera</strong> de Andezeno, una finca agrícola de origen medieval, fue fundada por la <strong>Abadía de San Benigno de Fruttuaria</strong>, de la que deriva el nombre Fruttera, para la gestión de las propiedades rurales que la misma abadía poseía en la zona. Es una granja con un patio cerrado (completa con una casa principal y una capilla) situada en la ladera de Andio, no lejos de la antigua Strada de Paneis (ahora Strada della Rezza) que conecta Chieri, a través de la colina de Bardassano, con las orillas del Po cerca de Castiglione Torinese. La Fruttera perteneció a la <strong>familia de Maistre</strong> desde 1820 hasta 1873. Durante este período, es importante mencionar las <strong>visitas que realizó don Bosco</strong>, un «santo excursionista», como se documenta en las numerosas rutas que recorrió a pie por las colinas del Piamonte y de las cuales Fruttera fue una de las paradas. El fundador de los Salesianos visitó el lugar por primera vez en el verano de 1856 y regresó en el otoño de 1857, como invitado de la familia de Rodolfo de Maistre, junto con algunos alumnos del Oratorio de Valdocco. Don Giovanni Battista Francesia, que acompañó a don Bosco en muchas de sus caminatas de otoño, describió la parada en Andezeno en su colección de recuerdos titulada «Don Bosco y sus caminatas de otoño en el Monferrato», donde el encuentro entre el futuro Santo y la familia de Maistre se describe con abundantes detalles y anécdotas sabrosas.     </p>
</div></div>

<p>Andezeno cuenta con aproximadamente 2.100 habitantes y está a 20 km de Turín. El primer registro escrito de Andezeno, un asentamiento de probable origen prerromano, data de 992 en un diploma de confirmación a los monjes de la Abadía de Breme, anteriormente de la Novalesa, que poseían numerosas propiedades, incluida Andesellum. En 1234, los Condes [&hellip;]</p>
