{"id":5623,"date":"2023-09-08T17:57:22","date_gmt":"2023-09-08T15:57:22","guid":{"rendered":"https:\/\/www.camminodonbosco.eu\/carmagnola\/"},"modified":"2024-01-07T11:28:10","modified_gmt":"2024-01-07T10:28:10","slug":"carmagnola","status":"publish","type":"page","link":"https:\/\/www.camminodonbosco.eu\/fr\/carmagnola\/","title":{"rendered":"Carmagnola"},"content":{"rendered":"\n<p>Les premi\u00e8res r\u00e9f\u00e9rences historiques concernant la ville de <strong>Carmagnola<\/strong> remontent \u00e0 l&rsquo;an 1000, sous la juridiction arduinique. Au XIIe si\u00e8cle, elle fut soumise \u00e0 la Seigneurie de Saluces, avec une p\u00e9riode de d\u00e9veloppement marqu\u00e9e par une augmentation de son importance commerciale et culturelle gr\u00e2ce \u00e0 sa position strat\u00e9gique. \u00c0 partir de 1500, Carmagnola a connu un d\u00e9clin marqu\u00e9 par des invasions, des pillages et des \u00e9pid\u00e9mies ; lors de l&rsquo;\u00e9pid\u00e9mie de 1522, les habitants de Carmagnola firent un premier v\u0153u de d\u00e9votion \u00e0 la Vierge Immacul\u00e9e. Avec la victoire des Fran\u00e7ais sur les Espagnols lors de la bataille de Ceresole (1544), le r\u00e8gne des Marquis de Saluces prit fin, suivi de quarante ans d&rsquo;occupation fran\u00e7aise. Carmagnola, avec la construction d&rsquo;une deuxi\u00e8me enceinte fortifi\u00e9e, devint une place forte fortifi\u00e9e. La ville passa ensuite sous le r\u00e8gne des Savoie en 1588, lorsque Charles-Emmanuel Ier de Savoie la reprit aux Fran\u00e7ais, qui la reconquirent au XVIIe si\u00e8cle. En juin 1630, Carmagnola fut frapp\u00e9e par une deuxi\u00e8me \u00e9pid\u00e9mie de peste qui incita les citoyens \u00e0 renouveler leur v\u0153u \u00e0 la Vierge. En 1691, la ville revint sous la domination des Savoie, gr\u00e2ce \u00e0 Victor-Am\u00e9d\u00e9e II. L&rsquo;importance strat\u00e9gique de Carmagnola d\u00e9clina par la suite avec la d\u00e9molition des fortifications, ce qui donna naissance \u00e0 un d\u00e9veloppement agricole et commercial qui, \u00e0 travers la p\u00e9riode d&rsquo;industrialisation de l&rsquo;apr\u00e8s-guerre, perdure jusqu&rsquo;\u00e0 nos jours. Aujourd&rsquo;hui, Carmagnola compte plus de 28 000 habitants et est un centre agricole, commercial et de services bien \u00e9tabli.         <\/p>\n\n<div style=\"height:30px\" aria-hidden=\"true\" class=\"wp-block-spacer\"><\/div>\n\n<h2 class=\"wp-block-heading\">Lieux d&rsquo;int\u00e9r\u00eat<\/h2>\n\n<p>L&rsquo;<strong>Abbaye cistercienne de Santa Maria di Casanova<\/strong>, l&rsquo;un des premiers exemples de gothique en Pi\u00e9mont, avec des modifications baroques.<\/p>\n\n<p>L&rsquo;<strong>\u00e9glise de la Coll\u00e9giale des Saints Pierre et Paul<\/strong> (1514), de style gothique-roman r\u00e9nov\u00e9 \u00e0 l&rsquo;\u00e9poque baroque. La Chapelle de l&rsquo;Immacul\u00e9e Conception est remarquable pour sa richesse d\u00e9corative, d\u00e9di\u00e9e \u00e0 la Vierge lors du v\u0153u de 1630. <\/p>\n\n<p>L&rsquo;<strong>\u00e9glise de la Confr\u00e9rie de Saint-Rocco<\/strong>, fond\u00e9e en 1630 pour aider les pestif\u00e9r\u00e9s en utilisant les briques de l&rsquo;enceinte murale.<\/p>\n\n<p>L&rsquo;<strong>\u00e9glise de Saint-Agostino<\/strong>, construite entre 1406 et 1437, avec une abside, un c\u00f4t\u00e9 est et un clocher de style gothique.<\/p>\n\n<p><strong>Casa Cavassa<\/strong>, un palais noble du XVe si\u00e8cle, avec un portique sur la cour int\u00e9rieure, des salles orn\u00e9es de plafonds \u00e0 caissons, des frises architecturales en terre cuite et des fresques sur les fa\u00e7ades. Remarquable le monocrome \u00ab\u00a0corteo trionfale degli elefanti\u00a0\u00bb datant de la premi\u00e8re moiti\u00e9 du XVIe si\u00e8cle et visible depuis la Via Benso. <\/p>\n\n<p>La <strong>Casa delle Meridiane<\/strong>, dont la fa\u00e7ade pr\u00e9sente un ensemble extraordinaire de fresques avec des images all\u00e9goriques pa\u00efennes et chr\u00e9tiennes, des devises, des symboles et des motifs d\u00e9coratifs, r\u00e9alis\u00e9s entre 1555 et 1557 et con\u00e7us pour les trois cadrans solaires qui y sont incorpor\u00e9s.<\/p>\n\n<p>La <strong>Synagogue<\/strong> : am\u00e9nag\u00e9e dans la seconde moiti\u00e9 du XVIIIe si\u00e8cle au premier \u00e9tage d&rsquo;une maison du d\u00e9but du si\u00e8cle, dans ce qui fut le ghetto juif pendant plusieurs si\u00e8cles, elle est rest\u00e9e en service jusqu&rsquo;en 1938 et a conserv\u00e9 intacte sa configuration d&rsquo;origine.<\/p>\n\n<div style=\"height:30px\" aria-hidden=\"true\" class=\"wp-block-spacer\"><\/div>\n\n<div class=\"wp-block-cover is-light\" style=\"min-height:100px;aspect-ratio:unset;\"><span aria-hidden=\"true\" class=\"wp-block-cover__background has-cyan-bluish-gray-background-color has-background-dim\"><\/span><div class=\"wp-block-cover__inner-container is-layout-flow wp-block-cover-is-layout-flow\">\n<h2 class=\"wp-block-heading\">Sur les traces de Don Bosco<\/h2>\n\n\n\n<p><strong>Don Bosco \u00e0 Carmagnola<\/strong><\/p>\n\n\n\n<p>Don Bosco se rendait souvent \u00e0 Carmagnola, lieu de naissance de son \u00e9l\u00e8ve Michele Magone (Carmagnola, 19\/09\/1845 &#8211; Turin, 21\/01\/1859), une figure importante de l&rsquo;histoire de la p\u00e9dagogie sal\u00e9sienne, d\u00e9c\u00e9d\u00e9 \u00e0 l&rsquo;\u00e2ge de treize ans et c\u00e9l\u00e8bre pour \u00eatre l&rsquo;un des trois gar\u00e7ons (avec Domenico Savio et Francesco Besucco) dont le saint a \u00e9crit la vie.<\/p>\n<\/div><\/div>\n","protected":false},"excerpt":{"rendered":"<p>Les premi\u00e8res r\u00e9f\u00e9rences historiques concernant la ville de Carmagnola remontent \u00e0 l&rsquo;an 1000, sous la juridiction arduinique. Au XIIe si\u00e8cle, elle fut soumise \u00e0 la Seigneurie de Saluces, avec une p\u00e9riode de d\u00e9veloppement marqu\u00e9e par une augmentation de son importance commerciale et culturelle gr\u00e2ce \u00e0 sa position strat\u00e9gique. \u00c0 partir de 1500, Carmagnola a connu [&hellip;]<\/p>\n","protected":false},"author":1,"featured_media":0,"parent":0,"menu_order":0,"comment_status":"closed","ping_status":"closed","template":"","meta":{"footnotes":""},"class_list":["post-5623","page","type-page","status-publish","hentry"],"_links":{"self":[{"href":"https:\/\/www.camminodonbosco.eu\/fr\/wp-json\/wp\/v2\/pages\/5623","targetHints":{"allow":["GET"]}}],"collection":[{"href":"https:\/\/www.camminodonbosco.eu\/fr\/wp-json\/wp\/v2\/pages"}],"about":[{"href":"https:\/\/www.camminodonbosco.eu\/fr\/wp-json\/wp\/v2\/types\/page"}],"author":[{"embeddable":true,"href":"https:\/\/www.camminodonbosco.eu\/fr\/wp-json\/wp\/v2\/users\/1"}],"replies":[{"embeddable":true,"href":"https:\/\/www.camminodonbosco.eu\/fr\/wp-json\/wp\/v2\/comments?post=5623"}],"version-history":[{"count":0,"href":"https:\/\/www.camminodonbosco.eu\/fr\/wp-json\/wp\/v2\/pages\/5623\/revisions"}],"wp:attachment":[{"href":"https:\/\/www.camminodonbosco.eu\/fr\/wp-json\/wp\/v2\/media?parent=5623"}],"curies":[{"name":"wp","href":"https:\/\/api.w.org\/{rel}","templated":true}]}}

<p>Les premières références historiques concernant la ville de <strong>Carmagnola</strong> remontent à l&rsquo;an 1000, sous la juridiction arduinique. Au XIIe siècle, elle fut soumise à la Seigneurie de Saluces, avec une période de développement marquée par une augmentation de son importance commerciale et culturelle grâce à sa position stratégique. À partir de 1500, Carmagnola a connu un déclin marqué par des invasions, des pillages et des épidémies ; lors de l&rsquo;épidémie de 1522, les habitants de Carmagnola firent un premier vœu de dévotion à la Vierge Immaculée. Avec la victoire des Français sur les Espagnols lors de la bataille de Ceresole (1544), le règne des Marquis de Saluces prit fin, suivi de quarante ans d&rsquo;occupation française. Carmagnola, avec la construction d&rsquo;une deuxième enceinte fortifiée, devint une place forte fortifiée. La ville passa ensuite sous le règne des Savoie en 1588, lorsque Charles-Emmanuel Ier de Savoie la reprit aux Français, qui la reconquirent au XVIIe siècle. En juin 1630, Carmagnola fut frappée par une deuxième épidémie de peste qui incita les citoyens à renouveler leur vœu à la Vierge. En 1691, la ville revint sous la domination des Savoie, grâce à Victor-Amédée II. L&rsquo;importance stratégique de Carmagnola déclina par la suite avec la démolition des fortifications, ce qui donna naissance à un développement agricole et commercial qui, à travers la période d&rsquo;industrialisation de l&rsquo;après-guerre, perdure jusqu&rsquo;à nos jours. Aujourd&rsquo;hui, Carmagnola compte plus de 28 000 habitants et est un centre agricole, commercial et de services bien établi.         </p>

<div style="height:30px" aria-hidden="true" class="wp-block-spacer"></div>

<h2 class="wp-block-heading">Lieux d&rsquo;intérêt</h2>

<p>L&rsquo;<strong>Abbaye cistercienne de Santa Maria di Casanova</strong>, l&rsquo;un des premiers exemples de gothique en Piémont, avec des modifications baroques.</p>

<p>L&rsquo;<strong>église de la Collégiale des Saints Pierre et Paul</strong> (1514), de style gothique-roman rénové à l&rsquo;époque baroque. La Chapelle de l&rsquo;Immaculée Conception est remarquable pour sa richesse décorative, dédiée à la Vierge lors du vœu de 1630. </p>

<p>L&rsquo;<strong>église de la Confrérie de Saint-Rocco</strong>, fondée en 1630 pour aider les pestiférés en utilisant les briques de l&rsquo;enceinte murale.</p>

<p>L&rsquo;<strong>église de Saint-Agostino</strong>, construite entre 1406 et 1437, avec une abside, un côté est et un clocher de style gothique.</p>

<p><strong>Casa Cavassa</strong>, un palais noble du XVe siècle, avec un portique sur la cour intérieure, des salles ornées de plafonds à caissons, des frises architecturales en terre cuite et des fresques sur les façades. Remarquable le monocrome « corteo trionfale degli elefanti » datant de la première moitié du XVIe siècle et visible depuis la Via Benso. </p>

<p>La <strong>Casa delle Meridiane</strong>, dont la façade présente un ensemble extraordinaire de fresques avec des images allégoriques païennes et chrétiennes, des devises, des symboles et des motifs décoratifs, réalisés entre 1555 et 1557 et conçus pour les trois cadrans solaires qui y sont incorporés.</p>

<p>La <strong>Synagogue</strong> : aménagée dans la seconde moitié du XVIIIe siècle au premier étage d&rsquo;une maison du début du siècle, dans ce qui fut le ghetto juif pendant plusieurs siècles, elle est restée en service jusqu&rsquo;en 1938 et a conservé intacte sa configuration d&rsquo;origine.</p>

<div style="height:30px" aria-hidden="true" class="wp-block-spacer"></div>

<div class="wp-block-cover is-light" style="min-height:100px;aspect-ratio:unset;"><span aria-hidden="true" class="wp-block-cover__background has-cyan-bluish-gray-background-color has-background-dim"></span><div class="wp-block-cover__inner-container is-layout-flow wp-block-cover-is-layout-flow">
<h2 class="wp-block-heading">Sur les traces de Don Bosco</h2>



<p><strong>Don Bosco à Carmagnola</strong></p>



<p>Don Bosco se rendait souvent à Carmagnola, lieu de naissance de son élève Michele Magone (Carmagnola, 19/09/1845 &#8211; Turin, 21/01/1859), une figure importante de l&rsquo;histoire de la pédagogie salésienne, décédé à l&rsquo;âge de treize ans et célèbre pour être l&rsquo;un des trois garçons (avec Domenico Savio et Francesco Besucco) dont le saint a écrit la vie.</p>
</div></div>

<p>Les premières références historiques concernant la ville de Carmagnola remontent à l&rsquo;an 1000, sous la juridiction arduinique. Au XIIe siècle, elle fut soumise à la Seigneurie de Saluces, avec une période de développement marquée par une augmentation de son importance commerciale et culturelle grâce à sa position stratégique. À partir de 1500, Carmagnola a connu [&hellip;]</p>
