{"id":5653,"date":"2022-07-08T10:46:28","date_gmt":"2022-07-08T08:46:28","guid":{"rendered":"https:\/\/www.camminodonbosco.eu\/andezeno\/"},"modified":"2024-02-25T17:12:32","modified_gmt":"2024-02-25T16:12:32","slug":"andezeno","status":"publish","type":"page","link":"https:\/\/www.camminodonbosco.eu\/fr\/andezeno\/","title":{"rendered":"Andezeno"},"content":{"rendered":"\n<p><strong>Andezeno<\/strong> compte environ 2 100 habitants et est situ\u00e9e \u00e0 20 km de Turin.<\/p>\n\n<p>La premi\u00e8re mention \u00e9crite d&rsquo;Andezeno, un <strong>\u00e9tablissement d&rsquo;origine pr\u00e9romaine<\/strong> probable, remonte \u00e0 992 dans un dipl\u00f4me de confirmation aux moines de l&rsquo;Abbaye de Breme &#8211; anciennement de Novalesa &#8211; de nombreuses possessions, dont <em>Andesellum<\/em>. En 1234, les Comtes de Biandrate &#8211; alli\u00e9s du Marquis de Montferrat &#8211; sont devenus seigneurs d&rsquo;Andezeno, ce qui les a oppos\u00e9s au libre Comune de Chieri. Ont suivi plusieurs ann\u00e9es de conflits qui se sont conclus en 1290 par la vente de la seigneurie aux Chieresi.  <\/p>\n\n<p><strong>Partiellement d\u00e9truit par l&rsquo;arm\u00e9e espagnole<\/strong> pour chasser les Fran\u00e7ais qui l&rsquo;avaient occup\u00e9 et mena\u00e7aient Chieri, il a \u00e9t\u00e9 <strong>inf\u00e9od\u00e9 par les Savoie \u00e0 ses citoyens<\/strong>, avec le droit de reconstruire le lieu et tout autre bien. Par la suite, les Comtes Balbiano et d&rsquo;autres nobles locaux ont revendiqu\u00e9 des droits f\u00e9odaux. Avec l&rsquo;occupation napol\u00e9onienne, il a \u00e9t\u00e9 int\u00e9gr\u00e9 au D\u00e9partement du Po et a fait partie du District de Riva presso Chieri jusqu&rsquo;\u00e0 l&rsquo;unification de l&rsquo;Italie.  <\/p>\n\n<p>La <strong>Tour du clocher<\/strong>, autrefois une tour de d\u00e9fense de l&rsquo;ancien \u00ab\u00a0<em>castrum<\/em>\u00ab\u00a0. Le noyau d&rsquo;origine du <strong>ch\u00e2teau<\/strong>, dont il reste peu de traces, remonte au XIIe si\u00e8cle, il est donc difficile de d\u00e9terminer s&rsquo;il s&rsquo;agissait d&rsquo;un ch\u00e2teau ou simplement d&rsquo;une fortification avec une enceinte autour de la Rocca. <\/p>\n\n<p>L&rsquo;\u00e9glise du <strong>cimeti\u00e8re de San Giorgio<\/strong> (XIIe si\u00e8cle) fait partie du type de pievi romanes du Monferrat, qui sont pass\u00e9es au fil des si\u00e8cles d&rsquo;\u00e9glises paroissiales \u00e0 cimeti\u00e8res. B\u00e2timent de forme rectangulaire, \u00e0 nef unique, \u00e0 l&rsquo;int\u00e9rieur tr\u00e8s simple et sans mobilier. De la structure romane originale subsistent l&rsquo;abside semi-circulaire et le mur sud, sur lequel ont \u00e9t\u00e9 r\u00e9utilis\u00e9s des briques et des marbres de l&rsquo;\u00e9poque romaine ; il est encore possible d&rsquo;observer sur une st\u00e8le fun\u00e9raire les queues crois\u00e9es de deux dauphins.  <\/p>\n\n<p>Sur la colline qui domine Andezeno se trouve l&rsquo;<strong>\u00e9glise paroissiale de San Giorgio<\/strong>, un imposant \u00e9difice baroque en briques apparentes achev\u00e9 en 1759 &#8211; une nef unique rectangulaire avec six chapelles &#8211; \u0153uvre de l&rsquo;architecte Giovan Battista Casasopra, \u00e9l\u00e8ve de Vittone. L&rsquo;autel principal abrite dans une urne en bois le corps de Santa Giustina, la protectrice des fruits de la terre. Les fresques du plafond (1853 et 1859) sont l&rsquo;\u0153uvre des peintres turinois Luigi et Rodolfo Morgari.  <\/p>\n\n<div style=\"height:30px\" aria-hidden=\"true\" class=\"wp-block-spacer\"><\/div>\n\n<h2 class=\"wp-block-heading\">Lieux d&rsquo;int\u00e9r\u00eat<\/h2>\n\n<p>L&rsquo;<strong>\u00e9glise des Bat\u00f9<\/strong> ou de la <strong>Confraternita di S. Marco<\/strong>, consacr\u00e9e en 1604, avec une fa\u00e7ade simple divis\u00e9e en deux ordres superpos\u00e9s et un fronton quadrangulaire.<\/p>\n\n<p>La <strong>Cascina Fruttera<\/strong>, une r\u00e9sidence d&rsquo;\u00e9t\u00e9 du diplomate de la Maison de Savoie Joseph De Maistre (1753-1821), ancienne possession m\u00e9di\u00e9vale de l&rsquo;Abbaye de la Fruttuaria de San Benigno Canavese, est aujourd&rsquo;hui une ferme lin\u00e9aire avec une <em>cour ferm\u00e9e<\/em> datant des XVIIe et XVIIIe si\u00e8cles.<\/p>\n\n<p><strong>Villa Simeom<\/strong>, construite \u00e0 la fin du XVIIIe si\u00e8cle, avec plus de sept hectares de parc et six cents m\u00e8tres carr\u00e9s de <strong>salles d&rsquo;\u00e9poque d&rsquo;origine<\/strong>, \u00e9tait autrefois une maison de chasse, une r\u00e9sidence d&rsquo;\u00e9t\u00e9 et un refuge s\u00fbr. R\u00e9sidence pendant des g\u00e9n\u00e9rations de la famille Simeom, elle a recueilli et archiv\u00e9 les t\u00e9moignages les plus importants de l&rsquo;histoire subalpine contenus dans la collection \u00e9ponyme gr\u00e2ce \u00e0 la comp\u00e9tence et \u00e0 la d\u00e9votion de Silvio Simeom, aujourd&rsquo;hui conserv\u00e9e et consultable aux Archives historiques de Turin.  Le <strong>Salon des f\u00eates<\/strong>, situ\u00e9 au centre de la Villa, enti\u00e8rement d\u00e9cor\u00e9 de fresques et caract\u00e9ris\u00e9 par une acoustique impeccable et un plafond de plus de 12 m\u00e8tres de haut, a \u00e9t\u00e9 cr\u00e9\u00e9 pour accueillir des soir\u00e9es dansantes et des concerts classiques (<a href=\"https:\/\/villasimeom.it\/\" data-type=\"URL\" data-id=\"https:\/\/villasimeom.it\/\" target=\"_blank\" rel=\"noreferrer noopener\">www.villasimeom.it<\/a>).<\/p>\n\n<div style=\"height:30px\" aria-hidden=\"true\" class=\"wp-block-spacer\"><\/div>\n\n<p><\/p>\n\n<div class=\"wp-block-cover is-light\" style=\"min-height:100px;aspect-ratio:unset;\"><span aria-hidden=\"true\" class=\"wp-block-cover__background has-cyan-bluish-gray-background-color has-background-dim\"><\/span><div class=\"wp-block-cover__inner-container is-layout-flow wp-block-cover-is-layout-flow\">\n<h2 class=\"wp-block-heading\">Sur les traces de Don Bosco<\/h2>\n\n\n\n<p><strong>Don Bosco \u00e0 Andezeno<\/strong><\/p>\n\n\n\n<p>La <strong>Cascina Fruttera d&rsquo;Andezeno<\/strong>, une exploitation agricole d&rsquo;origine m\u00e9di\u00e9vale, a \u00e9t\u00e9 fond\u00e9e par l&rsquo;<strong>Abbaye de San Benigno de Fruttuaria<\/strong> &#8211; d&rsquo;o\u00f9 le nom Fruttera &#8211; pour g\u00e9rer les terres que l&rsquo;abbaye poss\u00e9dait dans la r\u00e9gion. C&rsquo;est une grande ferme \u00e0 cour ferm\u00e9e (compl\u00e9t\u00e9e par un b\u00e2timent principal et une chapelle) situ\u00e9e \u00e0 mi-hauteur de la colline d&rsquo;Andio, non loin de l&rsquo;ancienne route de Paneis (aujourd&rsquo;hui route de la Rezza) qui relie Chieri, via la colline de Bardassano, aux rives du Po pr\u00e8s de Castiglione Torinese. La Fruttera a appartenu \u00e0 la <strong>famille de Maistre<\/strong> de 1820 \u00e0 1873. Au cours de cette p\u00e9riode, il convient de mentionner les <strong>visites de Don Bosco<\/strong>, un \u00ab\u00a0saint randonneur\u00a0\u00bb, comme en t\u00e9moignent les nombreux itin\u00e9raires qu&rsquo;il a emprunt\u00e9s \u00e0 pied \u00e0 travers les collines du Pi\u00e9mont et dont la Fruttera \u00e9tait l&rsquo;une des \u00e9tapes. Le fondateur des Sal\u00e9siens y est all\u00e9 pour la premi\u00e8re fois \u00e0 l&rsquo;\u00e9t\u00e9 1856, puis il y est retourn\u00e9 \u00e0 l&rsquo;automne 1857, invit\u00e9 par la famille de Rodolfo de Maistre, avec quelques \u00e9l\u00e8ves de l&rsquo;Oratoire de Valdocco. Don Giovanni Battista Francesia, qui a accompagn\u00e9 Don Bosco lors de nombreuses promenades automnales, a consign\u00e9 l&rsquo;\u00e9tape andezenoise dans une collection de souvenirs intitul\u00e9e \u00ab\u00a0Don Bosco et ses promenades automnales dans le Monferrat\u00a0\u00bb, o\u00f9 la rencontre entre le futur Saint et la famille de Maistre est d\u00e9crite avec une grande pr\u00e9cision et de savoureuses anecdotes.     <\/p>\n<\/div><\/div>\n","protected":false},"excerpt":{"rendered":"<p>Andezeno compte environ 2 100 habitants et est situ\u00e9e \u00e0 20 km de Turin. La premi\u00e8re mention \u00e9crite d&rsquo;Andezeno, un \u00e9tablissement d&rsquo;origine pr\u00e9romaine probable, remonte \u00e0 992 dans un dipl\u00f4me de confirmation aux moines de l&rsquo;Abbaye de Breme &#8211; anciennement de Novalesa &#8211; de nombreuses possessions, dont Andesellum. En 1234, les Comtes de Biandrate &#8211; [&hellip;]<\/p>\n","protected":false},"author":1,"featured_media":0,"parent":0,"menu_order":0,"comment_status":"closed","ping_status":"closed","template":"","meta":{"footnotes":""},"class_list":["post-5653","page","type-page","status-publish","hentry"],"_links":{"self":[{"href":"https:\/\/www.camminodonbosco.eu\/fr\/wp-json\/wp\/v2\/pages\/5653","targetHints":{"allow":["GET"]}}],"collection":[{"href":"https:\/\/www.camminodonbosco.eu\/fr\/wp-json\/wp\/v2\/pages"}],"about":[{"href":"https:\/\/www.camminodonbosco.eu\/fr\/wp-json\/wp\/v2\/types\/page"}],"author":[{"embeddable":true,"href":"https:\/\/www.camminodonbosco.eu\/fr\/wp-json\/wp\/v2\/users\/1"}],"replies":[{"embeddable":true,"href":"https:\/\/www.camminodonbosco.eu\/fr\/wp-json\/wp\/v2\/comments?post=5653"}],"version-history":[{"count":0,"href":"https:\/\/www.camminodonbosco.eu\/fr\/wp-json\/wp\/v2\/pages\/5653\/revisions"}],"wp:attachment":[{"href":"https:\/\/www.camminodonbosco.eu\/fr\/wp-json\/wp\/v2\/media?parent=5653"}],"curies":[{"name":"wp","href":"https:\/\/api.w.org\/{rel}","templated":true}]}}

<p><strong>Andezeno</strong> compte environ 2 100 habitants et est située à 20 km de Turin.</p>

<p>La première mention écrite d&rsquo;Andezeno, un <strong>établissement d&rsquo;origine préromaine</strong> probable, remonte à 992 dans un diplôme de confirmation aux moines de l&rsquo;Abbaye de Breme &#8211; anciennement de Novalesa &#8211; de nombreuses possessions, dont <em>Andesellum</em>. En 1234, les Comtes de Biandrate &#8211; alliés du Marquis de Montferrat &#8211; sont devenus seigneurs d&rsquo;Andezeno, ce qui les a opposés au libre Comune de Chieri. Ont suivi plusieurs années de conflits qui se sont conclus en 1290 par la vente de la seigneurie aux Chieresi.  </p>

<p><strong>Partiellement détruit par l&rsquo;armée espagnole</strong> pour chasser les Français qui l&rsquo;avaient occupé et menaçaient Chieri, il a été <strong>inféodé par les Savoie à ses citoyens</strong>, avec le droit de reconstruire le lieu et tout autre bien. Par la suite, les Comtes Balbiano et d&rsquo;autres nobles locaux ont revendiqué des droits féodaux. Avec l&rsquo;occupation napoléonienne, il a été intégré au Département du Po et a fait partie du District de Riva presso Chieri jusqu&rsquo;à l&rsquo;unification de l&rsquo;Italie.  </p>

<p>La <strong>Tour du clocher</strong>, autrefois une tour de défense de l&rsquo;ancien « <em>castrum</em>« . Le noyau d&rsquo;origine du <strong>château</strong>, dont il reste peu de traces, remonte au XIIe siècle, il est donc difficile de déterminer s&rsquo;il s&rsquo;agissait d&rsquo;un château ou simplement d&rsquo;une fortification avec une enceinte autour de la Rocca. </p>

<p>L&rsquo;église du <strong>cimetière de San Giorgio</strong> (XIIe siècle) fait partie du type de pievi romanes du Monferrat, qui sont passées au fil des siècles d&rsquo;églises paroissiales à cimetières. Bâtiment de forme rectangulaire, à nef unique, à l&rsquo;intérieur très simple et sans mobilier. De la structure romane originale subsistent l&rsquo;abside semi-circulaire et le mur sud, sur lequel ont été réutilisés des briques et des marbres de l&rsquo;époque romaine ; il est encore possible d&rsquo;observer sur une stèle funéraire les queues croisées de deux dauphins.  </p>

<p>Sur la colline qui domine Andezeno se trouve l&rsquo;<strong>église paroissiale de San Giorgio</strong>, un imposant édifice baroque en briques apparentes achevé en 1759 &#8211; une nef unique rectangulaire avec six chapelles &#8211; œuvre de l&rsquo;architecte Giovan Battista Casasopra, élève de Vittone. L&rsquo;autel principal abrite dans une urne en bois le corps de Santa Giustina, la protectrice des fruits de la terre. Les fresques du plafond (1853 et 1859) sont l&rsquo;œuvre des peintres turinois Luigi et Rodolfo Morgari.  </p>

<div style="height:30px" aria-hidden="true" class="wp-block-spacer"></div>

<h2 class="wp-block-heading">Lieux d&rsquo;intérêt</h2>

<p>L&rsquo;<strong>église des Batù</strong> ou de la <strong>Confraternita di S. Marco</strong>, consacrée en 1604, avec une façade simple divisée en deux ordres superposés et un fronton quadrangulaire.</p>

<p>La <strong>Cascina Fruttera</strong>, une résidence d&rsquo;été du diplomate de la Maison de Savoie Joseph De Maistre (1753-1821), ancienne possession médiévale de l&rsquo;Abbaye de la Fruttuaria de San Benigno Canavese, est aujourd&rsquo;hui une ferme linéaire avec une <em>cour fermée</em> datant des XVIIe et XVIIIe siècles.</p>

<p><strong>Villa Simeom</strong>, construite à la fin du XVIIIe siècle, avec plus de sept hectares de parc et six cents mètres carrés de <strong>salles d&rsquo;époque d&rsquo;origine</strong>, était autrefois une maison de chasse, une résidence d&rsquo;été et un refuge sûr. Résidence pendant des générations de la famille Simeom, elle a recueilli et archivé les témoignages les plus importants de l&rsquo;histoire subalpine contenus dans la collection éponyme grâce à la compétence et à la dévotion de Silvio Simeom, aujourd&rsquo;hui conservée et consultable aux Archives historiques de Turin.  Le <strong>Salon des fêtes</strong>, situé au centre de la Villa, entièrement décoré de fresques et caractérisé par une acoustique impeccable et un plafond de plus de 12 mètres de haut, a été créé pour accueillir des soirées dansantes et des concerts classiques (<a href="https://villasimeom.it/" data-type="URL" data-id="https://villasimeom.it/" target="_blank" rel="noreferrer noopener">www.villasimeom.it</a>).</p>

<div style="height:30px" aria-hidden="true" class="wp-block-spacer"></div>

<p></p>

<div class="wp-block-cover is-light" style="min-height:100px;aspect-ratio:unset;"><span aria-hidden="true" class="wp-block-cover__background has-cyan-bluish-gray-background-color has-background-dim"></span><div class="wp-block-cover__inner-container is-layout-flow wp-block-cover-is-layout-flow">
<h2 class="wp-block-heading">Sur les traces de Don Bosco</h2>



<p><strong>Don Bosco à Andezeno</strong></p>



<p>La <strong>Cascina Fruttera d&rsquo;Andezeno</strong>, une exploitation agricole d&rsquo;origine médiévale, a été fondée par l&rsquo;<strong>Abbaye de San Benigno de Fruttuaria</strong> &#8211; d&rsquo;où le nom Fruttera &#8211; pour gérer les terres que l&rsquo;abbaye possédait dans la région. C&rsquo;est une grande ferme à cour fermée (complétée par un bâtiment principal et une chapelle) située à mi-hauteur de la colline d&rsquo;Andio, non loin de l&rsquo;ancienne route de Paneis (aujourd&rsquo;hui route de la Rezza) qui relie Chieri, via la colline de Bardassano, aux rives du Po près de Castiglione Torinese. La Fruttera a appartenu à la <strong>famille de Maistre</strong> de 1820 à 1873. Au cours de cette période, il convient de mentionner les <strong>visites de Don Bosco</strong>, un « saint randonneur », comme en témoignent les nombreux itinéraires qu&rsquo;il a empruntés à pied à travers les collines du Piémont et dont la Fruttera était l&rsquo;une des étapes. Le fondateur des Salésiens y est allé pour la première fois à l&rsquo;été 1856, puis il y est retourné à l&rsquo;automne 1857, invité par la famille de Rodolfo de Maistre, avec quelques élèves de l&rsquo;Oratoire de Valdocco. Don Giovanni Battista Francesia, qui a accompagné Don Bosco lors de nombreuses promenades automnales, a consigné l&rsquo;étape andezenoise dans une collection de souvenirs intitulée « Don Bosco et ses promenades automnales dans le Monferrat », où la rencontre entre le futur Saint et la famille de Maistre est décrite avec une grande précision et de savoureuses anecdotes.     </p>
</div></div>

<p>Andezeno compte environ 2 100 habitants et est située à 20 km de Turin. La première mention écrite d&rsquo;Andezeno, un établissement d&rsquo;origine préromaine probable, remonte à 992 dans un diplôme de confirmation aux moines de l&rsquo;Abbaye de Breme &#8211; anciennement de Novalesa &#8211; de nombreuses possessions, dont Andesellum. En 1234, les Comtes de Biandrate &#8211; [&hellip;]</p>
